4).
-25
Let u(v) = -v**2 - 2*v + 3. Suppose 28 - 248 = -5*j. Let a = 953 + -914. Suppose a*z = j*z - 10. Determine u(z).
-5
Let a = 868 - 863. Let b(c) = 3*c**3 - 18*c**2 + 12*c + 31. Let n(o) = -o**3 + 6*o**2 - 4*o - 11. Let q(f) = 6*b(f) + 17*n(f). What is q(a)?
-6
Let w(f) = -20*f**2 - 6*f + 11. Let d(o) = -102*o - 1222. Let n be d(-12). Determine w(n).
-81
Let o(k) = -k**2 + k. Suppose 3*j + 3 + 3 = 0, -2*a + 3*j + 16 = 0. Suppose i - 2*y = -2, 4*i - a*y + 12 = 7. Determine o(i).
0
Let c(o) be the second derivative of o**3/6 - 13*o**2/2 + o + 1838. Let j be (-9)/(-12) + (-260)/(-16). What is c(j)?
4
Let s(u) = 11*u + 6. Let i(q) = -7*q - 4. Let v(j) = -8*i(j) - 5*s(j). Let g be (-245)/4410 - (-197)/(-18). What is v(g)?
-9
Let x(f) be the third derivative of -f**5/60 - 11*f**4/8 + f**3/3 + 10354*f**2. Give x(-34).
-32
Let t = 4108 + -4105. Let r(m) = -m**3 - m - 1. Let b(n) be the first derivative of n**3 - n**2 - 5*n - 1. Let p(d) = t*r(d) - b(d). Give p(-2).
16
Let a(q) = -42*q + 88. Let m = -255 + 257. Let f be a(m). Let x(d) = 3*d + 1. Give x(f).
13
Let n(g) be the second derivative of g**5/20 + 3*g**4/4 + 17*g**3/6 + 33*g**2 - 4853*g. Determine n(-8).
-6
Let m(o) = 7*o**2 + 49*o + 11. Let n(z) = 13*z**2 + 92*z + 21. Let j(c) = 11*m(c) - 6*n(c). Suppose 0 = -3*d - 40 + 1. What is j(d)?
-5
Let n be 1*2 - (0 + -4). Let k(f) be the second derivative of -1/6*f**3 + 0 - 77*f - 3/2*f**2. What is k(n)?
-9
Suppose -18*a - 77 = 13. Let o be 284/(-36) - a/(-45). Let z(p) = p**2 + 10*p + 12. Give z(o).
-4
Let g = 151 + -108. Suppose -2*z + 3*m = -g, -3*m + 118 = 4*z + z. Let h = -25 + z. Let l(k) = k**3 + k**2 + 1. What is l(h)?
-3
Let k(p) = p**2 - 39*p + 63. Let u be k(35). Let c = -84 - u. Let t(s) = 2*s + 16. Calculate t(c).
2
Let a(j) = 22*j**3 - 2*j**2 + 1. Suppose -112*k - 8 - 104 = 0. Give a(k).
-23
Suppose -163*o + 856 = 34*o + 17*o. Let g(w) = w**3 - 3*w**2. Determine g(o).
16
Let i be (-10)/4 - 63/(-126). Let p(t) = 7*t**3 + 5*t + 4. Calculate p(i).
-62
Suppose 27*v + 12*v = -20*v - 767. Let b(c) = c**2 + 13*c - 26. What is b(v)?
-26
Let s(o) = 3*o**2 - 25*o + 34. Suppose 106*x + 444 = -114*x + 1764. Give s(x).
-8
Let c = -2766 - -3910. Suppose -1145*f = -c*f + 3. Let p(b) = -b**2 - 3*b - 5. What is p(f)?
-5
Let p(u) = -u**2 - 3*u - 2. Let k = 46 - 54. Let r = 17 + k. Let g(x) = -x**3 + 8*x**2 + 9*x - 4. Let o be g(r). Give p(o).
-6
Suppose 78*d + 9192 = 9660. Let j(n) = -n + 1 + 4*n - 4*n. Calculate j(d).
-5
Let x(f) = -30*f - 3. Let a(v) = -92*v - 5. Let k(c) = -a(c) + 3*x(c). Suppose 4*r + 18 = 2. Calculate k(r).
-12
Let d = 59 - 55. Suppose -48 = -d*z + 160. Let j = 53 - z. Let n(b) = -8*b**3 + b**2 - 2*b + 1. Give n(j).
-8
Let z = -332 + 531. Suppose 3 = -28*l + z. Let c(v) = 2*v + 1. Give c(l).
15
Let n(m) = 1 + 2 - 4 - m + 0. Let f(x) = -x**2 - 4*x + 2. Let j be f(1). Let r(s) = -4*s - 17. Let y(g) = j*n(g) + r(g). Calculate y(0).
-14
Let m(n) = -14 - 8*n + 4*n + n + 6*n. Let y be m(4). Let z(s) be the first derivative of 5*s**2/2 + 1. What is z(y)?
-10
Let m(a) = 4*a**3 - 10*a**2 + 23*a - 3. Let j(z) = z**3 - z**2 + 6*z - 6. Let s(u) = -3*j(u) + m(u). Calculate s(4).
-13
Let f be -2 - 2 - (0 - 2). Let a be 1/(3/9*f/(-74)). Let q(s) = -a*s + 107*s - 1 - 6 + s**2. Give q(6).
5
Suppose -174*j = -173*j - 6. Let u(h) = -33*h**3 - h**2 + 12*h - 1. Let v(y) = -32*y**3 - y**2 + 14*y - 1. Let s(p) = j*u(p) - 5*v(p). Determine s(1).
-38
Let b(f) = -17*f**3 - 6*f**2 + 7*f + 6. Let a(x) = -4*x**3 + x**2 + x. Let v(l) = 4*a(l) - b(l). Determine v(-10).
24
Let s(v) = 20 + 23 - 92 - 4*v + 27. Let z be s(-5). Let d(b) = -4*b**3 + b**2 - b - 1. Determine d(z).
37
Let s be (2/4 + -2)/((-3)/126). Let o = s + -58. Suppose z + 3 - 19 = 2*u, 2*z = o*u + 38. Let d(b) = -2*b - 1. Determine d(u).
11
Let r(w) = 6*w - 2. Suppose -m + 2*j = -9, 0 = 5*m + 3*j - 71 - 39. Suppose f = -3, o = 4*f - 6 + m. Give r(o).
4
Suppose f - j - 157 = -2*j, 0 = 2*f - 2*j - 306. Let d = f - 157. Let h(p) be the first derivative of p**4/4 + p**3/3 - p**2/2 + p - 9. Determine h(d).
-1
Let c(o) = -o**3 - 7*o**2 + 6*o - 6. Let h(b) = -3*b**3 - 30*b**2 + 8*b - 7. Let k be h(-10). Let p = -95 - k. What is c(p)?
10
Let j(c) = -11*c**3 - 2*c**2 - c. Let x = 4 + -3. Let t = -1121 + 1123. Suppose t*o + 1 = -x. What is j(o)?
10
Let t(i) be the first derivative of -i**3/6 + i**2 + i - 8. Let g(k) be the first derivative of t(k). Let n be 60/90*3*1. Determine g(n).
0
Let u(m) = -4*m**2 + 1344*m**3 - 1345*m**3 - 1 + 5*m**2 + 2*m. Let r be (-3 - -11) + -2 + 4 + -4. Suppose 3*d - r = 3. Give u(d).
-13
Let s(c) = c**3 + 9*c**2 + 6*c + 21. Let x be -2 + 7 - (-231)/(84/(-4)). What is s(x)?
93
Suppose -4*t - 5*p = -60, 0 = 2*t - 2*p - 44 + 32. Let h(v) = 9*v + 15*v + t - 27*v + 5*v. What is h(7)?
24
Let b(o) = -o**3 + 13*o**2 - 12*o + 154. Let l be b(13). Let d(k) = -6*k**3 + 3*k**2 + 4*k + 2. Calculate d(l).
54
Let d(g) = 352*g - 102. Let j(o) = 1056*o - 308. Let l(u) = 20*d(u) - 6*j(u). Let q(b) = -37*b + 10. Let r(k) = 5*l(k) + 96*q(k). Determine r(1).
-32
Let a(l) = -3 + 3 - l - 4*l + 1. Let b(c) = -5*c + 6. Let n(s) = -5*s + 7. Let k(d) = 5*b(d) - 4*n(d). Let q(r) = -3*a(r) + 2*k(r). Determine q(2).
11
Let w(b) = 2*b**3 - 109*b**2 - 227*b - 6. Let u be w(-2). Let x(p) = -23*p - 89. Determine x(u).
3
Let n(m) = 0*m + 0*m + 2*m + 1. Suppose -2*q + 5*b + 0*b + 20 = 0, 13 = 3*q + b. Suppose 70*x = 65*x - q. What is n(x)?
-1
Suppose 0 - 355 = -71*w. Let g(b) = -8*b**3 - b**2 - 20*b - 32. Let s(p) = -3*p**3 - 7*p - 11. Let v(m) = 4*g(m) - 11*s(m). Give v(w).
3
Let i(r) = -r**2. Let n(b) = 2*b**2 + 1. Suppose -39 = 14*g + 31. Let v(q) = g*i(q) + n(q). Determine v(-1).
8
Let h(o) = -8*o - 2 + 3*o**3 - 2 + 7*o - 2*o**3. Suppose 6*k + 18*k = 0. Determine h(k).
-4
Let g = -76 + 80. Suppose -g*d - 13*d = -102. Let y(q) = -q**3 + 7*q**2 - 8*q + 9. What is y(d)?
-3
Let g(d) be the first derivative of -3*d**2/2 + 7*d - 1060. Calculate g(-6).
25
Let t(i) be the first derivative of -i**4/4 + 11*i**3/3 + 7*i - 1753. What is t(11)?
7
Let o(i) = i**2 - 19*i + 98. Suppose -9 + 63 = 5*y + g, -13*y - 4*g = -146. What is o(y)?
8
Suppose 4*n = -3*a + 20, -3*n + 16 = -5*n + 5*a. Let d(m) = -12*m + 10 + 0*m - 8 + 4*m + 3*m. Calculate d(n).
-8
Let l(m) = 275*m - 67 + 265*m + 270*m - 802*m - 244. What is l(39)?
1
Let h(p) = -p - 1. Let t(g) be the first derivative of -g**3/3 - 5*g - 30. Let k(i) = 3*h(i) + t(i). What is k(-6)?
-26
Let y(h) be the first derivative of -h**4/4 + 7*h**3/3 - 5*h**2/2 + 6*h - 113. Let f be ((-36)/(-15))/((-8)/(-20)). Determine y(f).
12
Suppose 70 = 7*c + 28. Suppose -8*h + 3*h - k + c = 0, 4*h + 12 = -5*k. Suppose h*a + 27 = 9. Let o(f) = f**2 + 7*f - 13. Calculate o(a).
5
Let q(n) = -3*n**2 - n - 1. Let h(u) = -2*u**3 + 16*u**2 - 3*u - 13. Let t be h(6). Let z = t + -116. Give q(z).
-25
Let w(a) be the third derivative of -a**5/24 - 7*a**4/8 + 133*a**3/3 + 168*a**2. Let i(u) be the first derivative of w(u). Give i(-5).
4
Let c(v) = v - 6. Let w(h) = 2*h**2 + 4*h - 9. Let y be w(2). Calculate c(y).
1
Let l(c) = -c - 2. Let y(w) = 5*w + 6. Let z(h) = 3*l(h) + y(h). Let n be (-93)/124 - 7/(-4). Calculate z(n).
2
Let j(a) be the first derivative of 0*a + 0*a**2 - 32 - 2/3*a**3. Determine j(-1).
-2
Suppose -3*j = -5*t + 34, 0 = -t + 5*j - 9 + 29. Suppose -t*m - 4 = -3*i - 44, m - 2*i - 8 = 0. Let w(p) = -p - m + 3 + 2*p + 0*p. Give w(8).
3
Let z(a) = 529*a**3 + 227*a**2 + 488*a - 521. Let r(g) = -143*g**3 - 62*g**2 - 133*g + 142. Let l(k) = 37*r(k) + 10*z(k). Determine l(-22).
-22
Let p(m) = 15. Let o(u) = -2. Let v(s) = 35*o(s) + 5*p(s). Let z(x) = -x - 13. Let j(b) = -8*v(b) - 3*z(b). What is j(2)?
5
Let m(u) = -u**2 - 3*u + 5. Let d be 1 + -2 - 1 - (1 + -3). Suppose 7*l - 8*l - 85 = d. Let o be l/20 + 2/8. Calculate m(o).
1
Let j(l) = -l**3 + 34*l**2 + 192*l + 118. Let s be j(39). Let f(c) = -31*c**2 + c. Give f(s).
-30
Let d(i) = -2*i**2 + 38*i - 8. Suppose -2710*a + 2723*a - 247 = 0. What is d(a)?
-8
Let r(g) = 41*g + 39*g - 51 + 38*g + 2*g**2 - 112*g. Give r(-7).
5
Let q(c) = -c - 3 - c**3 + 25 - 13 - 3. Let d = 0 + 0. Give q(d).
6
Let k be (2/(-3))/((40/18)/10). Let t(b) be the first derivative of -2*b**2 - 5*b - 6. Determine t(k).
7
Let t(y) = 120*y - 1. Let x(a) = a**2 - 294*a +